{"id":222,"date":"2024-01-11T10:53:30","date_gmt":"2024-01-11T07:53:30","guid":{"rendered":"https:\/\/www.lasteaedvikerkaar.ee\/?page_id=222"},"modified":"2025-01-17T15:56:27","modified_gmt":"2025-01-17T12:56:27","slug":"uudised-info","status":"publish","type":"page","link":"https:\/\/www.lasteaedvikerkaar.ee\/","title":{"rendered":"Uudised\/Info"},"content":{"rendered":"<ul class=\"wp-block-latest-posts__list has-dates wp-block-latest-posts\"><li><a class=\"wp-block-latest-posts__post-title\" href=\"https:\/\/www.lasteaedvikerkaar.ee\/?p=430\">Lasteaia kohatasu 2026<\/a><time datetime=\"2026-01-06T12:49:31+03:00\" class=\"wp-block-latest-posts__post-date\">6. jaanuar 2026. a<\/time><div class=\"wp-block-latest-posts__post-excerpt\">EDASTAME TAPA VALLAVALITSUSE TEATE: Alates 01.01.2026 t\u00f5useb Tapa valla lasteaedades vanemate poolt kaetavate kulude osa m\u00e4\u00e4r. Osalustasu suurus on eelneval aastal kehtinud Vabariigi Valitsuse poolt kehtestatud t\u00f6\u00f6tasu alamm\u00e4\u00e4rast (886 eurot): \u2022&nbsp;&nbsp;&nbsp;&nbsp;&nbsp;&nbsp;&nbsp;&nbsp;&nbsp;&nbsp;&nbsp;5%, ehk 44 eurot lasteaias k\u00e4iva \u00fche lapse kohta kuus,\u2026 <a class=\"wp-block-latest-posts__read-more\" href=\"https:\/\/www.lasteaedvikerkaar.ee\/?p=430\" rel=\"noopener noreferrer\">Read more<span class=\"screen-reader-text\">: Lasteaia kohatasu 2026<\/span><\/a><\/div><\/li>\n<li><a class=\"wp-block-latest-posts__post-title\" href=\"https:\/\/www.lasteaedvikerkaar.ee\/?p=338\">Eliis keskkond<\/a><time datetime=\"2025-01-17T15:26:40+03:00\" class=\"wp-block-latest-posts__post-date\">17. jaanuar 2025. a<\/time><div class=\"wp-block-latest-posts__post-excerpt\">Alates 01.01.2025 on lasteaias kasutusel Eliis e-keskkond. Palume k\u00f5igil lapsevanematel endale konto teha. Edaspidi saab selles keskkonnas teavitada lapse kohalk\u00e4imist ja puudumist. Konto loomise juhised on leitavad siit.<\/div><\/li>\n<li><a class=\"wp-block-latest-posts__post-title\" href=\"https:\/\/www.lasteaedvikerkaar.ee\/?p=332\">Eesti keele lisategevused<\/a><time datetime=\"2025-01-17T15:10:25+03:00\" class=\"wp-block-latest-posts__post-date\">17. jaanuar 2025. a<\/time><div class=\"wp-block-latest-posts__post-excerpt\">Alates oktoobrist 2024 viiakse lasteaias l\u00e4bi lisa eesti keele tegevusi. Palume vanematel sellega arvestada.<\/div><\/li>\n<\/ul>","protected":false},"excerpt":{"rendered":"","protected":false},"author":3,"featured_media":0,"parent":0,"menu_order":0,"comment_status":"closed","ping_status":"closed","template":"","meta":{"ngg_post_thumbnail":0,"footnotes":""},"class_list":["post-222","page","type-page","status-publish","hentry"],"_links":{"self":[{"href":"https:\/\/www.lasteaedvikerkaar.ee\/index.php?rest_route=\/wp\/v2\/pages\/222","targetHints":{"allow":["GET"]}}],"collection":[{"href":"https:\/\/www.lasteaedvikerkaar.ee\/index.php?rest_route=\/wp\/v2\/pages"}],"about":[{"href":"https:\/\/www.lasteaedvikerkaar.ee\/index.php?rest_route=\/wp\/v2\/types\/page"}],"author":[{"embeddable":true,"href":"https:\/\/www.lasteaedvikerkaar.ee\/index.php?rest_route=\/wp\/v2\/users\/3"}],"replies":[{"embeddable":true,"href":"https:\/\/www.lasteaedvikerkaar.ee\/index.php?rest_route=%2Fwp%2Fv2%2Fcomments&post=222"}],"version-history":[{"count":9,"href":"https:\/\/www.lasteaedvikerkaar.ee\/index.php?rest_route=\/wp\/v2\/pages\/222\/revisions"}],"predecessor-version":[{"id":345,"href":"https:\/\/www.lasteaedvikerkaar.ee\/index.php?rest_route=\/wp\/v2\/pages\/222\/revisions\/345"}],"wp:attachment":[{"href":"https:\/\/www.lasteaedvikerkaar.ee\/index.php?rest_route=%2Fwp%2Fv2%2Fmedia&parent=222"}],"curies":[{"name":"wp","href":"https:\/\/api.w.org\/{rel}","templated":true}]}}